{"id":71,"date":"2017-06-13T09:33:43","date_gmt":"2017-06-13T12:33:43","guid":{"rendered":"https:\/\/demo.themegrill.com\/suffice\/?page_id=71"},"modified":"2021-09-04T14:22:16","modified_gmt":"2021-09-04T17:22:16","slug":"contato","status":"publish","type":"page","link":"https:\/\/francesamaral.com\/pandemia\/contato\/","title":{"rendered":"Contato"},"content":{"rendered":"<div id=\"pl-71\"  class=\"panel-layout\" ><div id=\"pg-71-0\"  class=\"panel-grid panel-has-style\" ><div class=\"panel-row-style panel-row-style-for-71-0\" ><div id=\"pgc-71-0-0\"  class=\"panel-grid-cell\" ><div data-aos=\"fade-left\" data-aos-duration=\"1000\" class=\"panel-cell-style panel-cell-style-for-71-0-0\" ><div id=\"panel-71-0-0-0\" class=\"so-panel widget widget_text panel-first-child panel-last-child\" data-index=\"0\" ><h3 class=\"widget-title\">Tem alguma d\u00favida ou sugest\u00e3o?<\/h3>\t\t\t<div class=\"textwidget\"><p>Entre em contato conosco, enviando uma mensagem atrav\u00e9s do formul\u00e1rio abaixo ou atrav\u00e9s de nossos telefones e redes sociais.<\/p>\n<p>&nbsp;<\/p>\n\n<div class=\"wpcf7 no-js\" id=\"wpcf7-f511-o1\" lang=\"pt-BR\" dir=\"ltr\" data-wpcf7-id=\"511\">\n<div class=\"screen-reader-response\"><p role=\"status\" aria-live=\"polite\" aria-atomic=\"true\"><\/p> <ul><\/ul><\/div>\n<form action=\"\/pandemia\/wp-json\/wp\/v2\/pages\/71#wpcf7-f511-o1\" method=\"post\" class=\"wpcf7-form init\" aria-label=\"Formul\u00e1rios de contato\" novalidate=\"novalidate\" data-status=\"init\">\n<div style=\"display: none;\">\n<input type=\"hidden\" name=\"_wpcf7\" value=\"511\" \/>\n<input type=\"hidden\" name=\"_wpcf7_version\" value=\"6.0.6\" \/>\n<input type=\"hidden\" name=\"_wpcf7_locale\" value=\"pt_BR\" \/>\n<input type=\"hidden\" name=\"_wpcf7_unit_tag\" value=\"wpcf7-f511-o1\" \/>\n<input type=\"hidden\" name=\"_wpcf7_container_post\" value=\"0\" \/>\n<input type=\"hidden\" name=\"_wpcf7_posted_data_hash\" value=\"\" \/>\n<\/div>\n<div class=\"contact-width\">\n\t<p><label> Nome: *<br \/>\n<span class=\"wpcf7-form-control-wrap\" data-name=\"your-name\"><input size=\"40\" maxlength=\"400\" class=\"wpcf7-form-control wpcf7-text wpcf7-validates-as-required\" aria-required=\"true\" aria-invalid=\"false\" value=\"\" type=\"text\" name=\"your-name\" \/><\/span> <\/label>\n\t<\/p>\n\t<p><label> E-mail: *<br \/>\n<span class=\"wpcf7-form-control-wrap\" data-name=\"your-email\"><input size=\"40\" maxlength=\"400\" class=\"wpcf7-form-control wpcf7-email wpcf7-validates-as-required wpcf7-text wpcf7-validates-as-email\" aria-required=\"true\" aria-invalid=\"false\" value=\"\" type=\"email\" name=\"your-email\" \/><\/span> <\/label>\n\t<\/p>\n\t<p><label> Telefone: *<br \/>\n<span class=\"wpcf7-form-control-wrap tel\"><input type=\"tel\" value=\"\" name=\"tel\" class=\"wpcf7-form-control wpcf7-mask wpcf7-validates-as-required wpcf7mf-mask\" size=\"40\" aria-required=\"1\" aria-invalid=\"\" placeholder=\"(__) _ ____-____\" data-mask=\"(__) _ ____-____\" \/><\/span> <\/label>\n\t<\/p>\n<\/div>\n<p><label> Assunto: *<br \/>\n<span class=\"wpcf7-form-control-wrap\" data-name=\"your-subject\"><input size=\"40\" maxlength=\"400\" class=\"wpcf7-form-control wpcf7-text wpcf7-validates-as-required\" aria-required=\"true\" aria-invalid=\"false\" value=\"\" type=\"text\" name=\"your-subject\" \/><\/span> <\/label>\n<\/p>\n<p><label> Sua mensagem: *<br \/>\n<span class=\"wpcf7-form-control-wrap\" data-name=\"your-message\"><textarea cols=\"40\" rows=\"10\" maxlength=\"2000\" class=\"wpcf7-form-control wpcf7-textarea wpcf7-validates-as-required\" aria-required=\"true\" aria-invalid=\"false\" name=\"your-message\"><\/textarea><\/span> <\/label>\n<\/p>\n<p><input class=\"wpcf7-form-control wpcf7-submit has-spinner\" type=\"submit\" value=\"Enviar\" \/>\n<\/p><div class=\"wpcf7-response-output\" aria-hidden=\"true\"><\/div>\n<\/form>\n<\/div>\n\n<\/div>\n\t\t<\/div><\/div><\/div><div id=\"pgc-71-0-1\"  class=\"panel-grid-cell\" ><div data-aos=\"fade-right\" data-aos-duration=\"1000\" class=\"panel-cell-style panel-cell-style-for-71-0-1\" ><div id=\"panel-71-0-1-0\" class=\"so-panel widget widget_media_image panel-first-child panel-last-child\" data-index=\"1\" ><img loading=\"lazy\" decoding=\"async\" width=\"495\" height=\"636\" src=\"https:\/\/francesamaral.com\/pandemia\/wp-content\/uploads\/2020\/07\/pngguru.com-22-e1595456923448.jpg\" class=\"image wp-image-4393  attachment-full size-full\" alt=\"\" style=\"max-width: 100%; height: auto;\" srcset=\"https:\/\/francesamaral.com\/pandemia\/wp-content\/uploads\/2020\/07\/pngguru.com-22-e1595456923448.jpg 495w, https:\/\/francesamaral.com\/pandemia\/wp-content\/uploads\/2020\/07\/pngguru.com-22-e1595456923448-233x300.jpg 233w\" sizes=\"auto, (max-width: 495px) 100vw, 495px\" \/><\/div><\/div><\/div><\/div><\/div><div id=\"pg-71-1\"  class=\"panel-grid panel-has-style\" ><div class=\"panel-row-style panel-row-style-for-71-1\" ><div id=\"pgc-71-1-0\"  class=\"panel-grid-cell panel-grid-cell-empty\" ><div data-aos=\"fade-left\" data-aos-duration=\"1000\" class=\"panel-cell-style panel-cell-style-for-71-1-0\" ><\/div><\/div><div id=\"pgc-71-1-1\"  class=\"panel-grid-cell\" ><div data-aos=\"fade-right\" data-aos-duration=\"1000\" class=\"panel-cell-style panel-cell-style-for-71-1-1\" ><div id=\"panel-71-1-1-0\" class=\"widget_text so-panel widget widget_custom_html panel-first-child\" data-index=\"2\" ><div class=\"textwidget custom-html-widget\"><div id=\"panel-71-0-1-1\" class=\"so-panel widget widget_themegrill_suffice_iconbox tg-iconbox-container\" data-index=\"2\"><div class=\"icon-box icon-box-small\">\n\t\t\t<div class=\"icon-box-icon\" style=\"font-size:32px;background-color:#b0d698;\">\n\t\t\t<div class=\"icon-box-icon-container\">\n\t\t\t\t<div class=\"icon-box-inner-icon\">\n\t\t\t\t\t<i class=\"fab fa-whatsapp\" style=\"padding-top: 5px; display: table-cell; vertical-align: middle;\"><\/i>\n\t\t\t\t<\/div>\n\t\t\t<\/div>\n\t\t<\/div>\n\t\t\t<div class=\"icon-box-description\">\n\t\t\t\t\t<h5 class=\"icon-box-title\">WhatsApp<\/h5>\n\t\t\t\t\t\t\t<p class=\"icon-box-content\"><a style=\"color: #424143;\" href=\"https:\/\/api.whatsapp.com\/send?phone=5531975264509&amp;text=Ol%C3%A1%2C%20gostaria%20de%20solicitar%20um%20or%C3%A7amento.\">(31) 9 7526-4509<\/a><\/p>\n\t\t\t\t\t<\/div>\n<\/div> <!-- end icon-box -->\n<\/div><\/div><\/div><div id=\"panel-71-1-1-1\" class=\"so-panel widget widget_themegrill_suffice_iconbox tg-iconbox-container\" data-index=\"3\" ><div class=\"icon-box icon-box-small\">\n\t\t\t<div class=\"icon-box-icon\" style=color:#ffffff;font-size:28px;background-color:#d11212;>\n\t\t\t<div class=\"icon-box-icon-container\">\n\t\t\t\t<div class=\"icon-box-inner-icon\">\n\t\t\t\t\t<i class=\"fa fa-phone\"><\/i>\n\t\t\t\t<\/div>\n\t\t\t<\/div>\n\t\t<\/div>\n\t\t\t<div class=\"icon-box-description\">\n\t\t\t\t\t<h5 class=\"icon-box-title\">Telefone<\/h5>\n\t\t\t\t\t\t\t<p class=\"icon-box-content\"> (31) 9 9466-1314<\/p>\n\t\t\t\t\t<\/div>\n<\/div> <!-- end icon-box -->\n<\/div><div id=\"panel-71-1-1-2\" class=\"so-panel widget widget_themegrill_suffice_iconbox tg-iconbox-container panel-last-child\" data-index=\"4\" ><div class=\"icon-box icon-box-small\">\n\t\t\t<div class=\"icon-box-icon\" style=color:#fffcfc;font-size:28px;background-color:#cc0e0e;>\n\t\t\t<div class=\"icon-box-icon-container\">\n\t\t\t\t<div class=\"icon-box-inner-icon\">\n\t\t\t\t\t<i class=\"fa fa-envelope\"><\/i>\n\t\t\t\t<\/div>\n\t\t\t<\/div>\n\t\t<\/div>\n\t\t\t<div class=\"icon-box-description\">\n\t\t\t\t\t<h5 class=\"icon-box-title\">Email<\/h5>\n\t\t\t\t\t\t\t<p class=\"icon-box-content\">francesamaraldelima@gmail.com<\/p>\n\t\t\t\t\t<\/div>\n<\/div> <!-- end icon-box -->\n<\/div><\/div><\/div><\/div><\/div><\/div>","protected":false},"excerpt":{"rendered":"<p>Entre em contato conosco, enviando uma mensagem atrav\u00e9s do formul\u00e1rio abaixo ou atrav\u00e9s de nossos telefones e redes sociais. &nbsp;<\/p>\n","protected":false},"author":1,"featured_media":0,"parent":0,"menu_order":0,"comment_status":"closed","ping_status":"closed","template":"page-templates\/page-builder.php","meta":{"inline_featured_image":false,"footnotes":""},"class_list":["post-71","page","type-page","status-publish","hentry"],"yoast_head":"<!-- This site is optimized with the Yoast SEO plugin v26.9 - https:\/\/yoast.com\/product\/yoast-seo-wordpress\/ -->\n<title>Contato | Galeria Pandemia<\/title>\n<meta name=\"robots\" content=\"index, follow, max-snippet:-1, max-image-preview:large, max-video-preview:-1\" \/>\n<link rel=\"canonical\" href=\"https:\/\/francesamaral.com\/pandemia\/contato\/\" \/>\n<meta property=\"og:locale\" content=\"pt_BR\" \/>\n<meta property=\"og:type\" content=\"article\" \/>\n<meta property=\"og:title\" content=\"Contato | Galeria Pandemia\" \/>\n<meta property=\"og:description\" content=\"Entre em contato conosco, enviando uma mensagem atrav\u00e9s do formul\u00e1rio abaixo ou atrav\u00e9s de nossos telefones e redes sociais. &nbsp;\" \/>\n<meta property=\"og:url\" content=\"https:\/\/francesamaral.com\/pandemia\/contato\/\" \/>\n<meta property=\"og:site_name\" content=\"Galeria Pandemia\" \/>\n<meta property=\"article:publisher\" content=\"https:\/\/www.facebook.com\/agenciaimagens\" \/>\n<meta property=\"article:modified_time\" content=\"2021-09-04T17:22:16+00:00\" \/>\n<meta name=\"twitter:card\" content=\"summary_large_image\" \/>\n<script type=\"application\/ld+json\" class=\"yoast-schema-graph\">{\"@context\":\"https:\/\/schema.org\",\"@graph\":[{\"@type\":\"WebPage\",\"@id\":\"https:\/\/francesamaral.com\/pandemia\/contato\/\",\"url\":\"https:\/\/francesamaral.com\/pandemia\/contato\/\",\"name\":\"Contato | Galeria Pandemia\",\"isPartOf\":{\"@id\":\"https:\/\/francesamaral.com\/pandemia\/#website\"},\"datePublished\":\"2017-06-13T12:33:43+00:00\",\"dateModified\":\"2021-09-04T17:22:16+00:00\",\"breadcrumb\":{\"@id\":\"https:\/\/francesamaral.com\/pandemia\/contato\/#breadcrumb\"},\"inLanguage\":\"pt-BR\",\"potentialAction\":[{\"@type\":\"ReadAction\",\"target\":[\"https:\/\/francesamaral.com\/pandemia\/contato\/\"]}]},{\"@type\":\"BreadcrumbList\",\"@id\":\"https:\/\/francesamaral.com\/pandemia\/contato\/#breadcrumb\",\"itemListElement\":[{\"@type\":\"ListItem\",\"position\":1,\"name\":\"In\u00edcio\",\"item\":\"https:\/\/francesamaral.com\/pandemia\/\"},{\"@type\":\"ListItem\",\"position\":2,\"name\":\"Contato\"}]},{\"@type\":\"WebSite\",\"@id\":\"https:\/\/francesamaral.com\/pandemia\/#website\",\"url\":\"https:\/\/francesamaral.com\/pandemia\/\",\"name\":\"Ag\u00eancia Imagens\",\"description\":\"Uma ideia que contamina.\",\"publisher\":{\"@id\":\"https:\/\/francesamaral.com\/pandemia\/#organization\"},\"potentialAction\":[{\"@type\":\"SearchAction\",\"target\":{\"@type\":\"EntryPoint\",\"urlTemplate\":\"https:\/\/francesamaral.com\/pandemia\/?s={search_term_string}\"},\"query-input\":{\"@type\":\"PropertyValueSpecification\",\"valueRequired\":true,\"valueName\":\"search_term_string\"}}],\"inLanguage\":\"pt-BR\"},{\"@type\":\"Organization\",\"@id\":\"https:\/\/francesamaral.com\/pandemia\/#organization\",\"name\":\"Ag\u00eancia Imagens\",\"url\":\"https:\/\/francesamaral.com\/pandemia\/\",\"logo\":{\"@type\":\"ImageObject\",\"inLanguage\":\"pt-BR\",\"@id\":\"https:\/\/francesamaral.com\/pandemia\/#\/schema\/logo\/image\/\",\"url\":\"\",\"contentUrl\":\"\",\"caption\":\"Ag\u00eancia Imagens\"},\"image\":{\"@id\":\"https:\/\/francesamaral.com\/pandemia\/#\/schema\/logo\/image\/\"},\"sameAs\":[\"https:\/\/www.facebook.com\/agenciaimagens\",\"https:\/\/www.instagram.com\/agenciaimagens\/\"]}]}<\/script>\n<!-- \/ Yoast SEO plugin. -->","yoast_head_json":{"title":"Contato | Galeria Pandemia","robots":{"index":"index","follow":"follow","max-snippet":"max-snippet:-1","max-image-preview":"max-image-preview:large","max-video-preview":"max-video-preview:-1"},"canonical":"https:\/\/francesamaral.com\/pandemia\/contato\/","og_locale":"pt_BR","og_type":"article","og_title":"Contato | Galeria Pandemia","og_description":"Entre em contato conosco, enviando uma mensagem atrav\u00e9s do formul\u00e1rio abaixo ou atrav\u00e9s de nossos telefones e redes sociais. &nbsp;","og_url":"https:\/\/francesamaral.com\/pandemia\/contato\/","og_site_name":"Galeria Pandemia","article_publisher":"https:\/\/www.facebook.com\/agenciaimagens","article_modified_time":"2021-09-04T17:22:16+00:00","twitter_card":"summary_large_image","schema":{"@context":"https:\/\/schema.org","@graph":[{"@type":"WebPage","@id":"https:\/\/francesamaral.com\/pandemia\/contato\/","url":"https:\/\/francesamaral.com\/pandemia\/contato\/","name":"Contato | Galeria Pandemia","isPartOf":{"@id":"https:\/\/francesamaral.com\/pandemia\/#website"},"datePublished":"2017-06-13T12:33:43+00:00","dateModified":"2021-09-04T17:22:16+00:00","breadcrumb":{"@id":"https:\/\/francesamaral.com\/pandemia\/contato\/#breadcrumb"},"inLanguage":"pt-BR","potentialAction":[{"@type":"ReadAction","target":["https:\/\/francesamaral.com\/pandemia\/contato\/"]}]},{"@type":"BreadcrumbList","@id":"https:\/\/francesamaral.com\/pandemia\/contato\/#breadcrumb","itemListElement":[{"@type":"ListItem","position":1,"name":"In\u00edcio","item":"https:\/\/francesamaral.com\/pandemia\/"},{"@type":"ListItem","position":2,"name":"Contato"}]},{"@type":"WebSite","@id":"https:\/\/francesamaral.com\/pandemia\/#website","url":"https:\/\/francesamaral.com\/pandemia\/","name":"Ag\u00eancia Imagens","description":"Uma ideia que contamina.","publisher":{"@id":"https:\/\/francesamaral.com\/pandemia\/#organization"},"potentialAction":[{"@type":"SearchAction","target":{"@type":"EntryPoint","urlTemplate":"https:\/\/francesamaral.com\/pandemia\/?s={search_term_string}"},"query-input":{"@type":"PropertyValueSpecification","valueRequired":true,"valueName":"search_term_string"}}],"inLanguage":"pt-BR"},{"@type":"Organization","@id":"https:\/\/francesamaral.com\/pandemia\/#organization","name":"Ag\u00eancia Imagens","url":"https:\/\/francesamaral.com\/pandemia\/","logo":{"@type":"ImageObject","inLanguage":"pt-BR","@id":"https:\/\/francesamaral.com\/pandemia\/#\/schema\/logo\/image\/","url":"","contentUrl":"","caption":"Ag\u00eancia Imagens"},"image":{"@id":"https:\/\/francesamaral.com\/pandemia\/#\/schema\/logo\/image\/"},"sameAs":["https:\/\/www.facebook.com\/agenciaimagens","https:\/\/www.instagram.com\/agenciaimagens\/"]}]}},"_links":{"self":[{"href":"https:\/\/francesamaral.com\/pandemia\/wp-json\/wp\/v2\/pages\/71","targetHints":{"allow":["GET"]}}],"collection":[{"href":"https:\/\/francesamaral.com\/pandemia\/wp-json\/wp\/v2\/pages"}],"about":[{"href":"https:\/\/francesamaral.com\/pandemia\/wp-json\/wp\/v2\/types\/page"}],"author":[{"embeddable":true,"href":"https:\/\/francesamaral.com\/pandemia\/wp-json\/wp\/v2\/users\/1"}],"replies":[{"embeddable":true,"href":"https:\/\/francesamaral.com\/pandemia\/wp-json\/wp\/v2\/comments?post=71"}],"version-history":[{"count":70,"href":"https:\/\/francesamaral.com\/pandemia\/wp-json\/wp\/v2\/pages\/71\/revisions"}],"predecessor-version":[{"id":5218,"href":"https:\/\/francesamaral.com\/pandemia\/wp-json\/wp\/v2\/pages\/71\/revisions\/5218"}],"wp:attachment":[{"href":"https:\/\/francesamaral.com\/pandemia\/wp-json\/wp\/v2\/media?parent=71"}],"curies":[{"name":"wp","href":"https:\/\/api.w.org\/{rel}","templated":true}]}}